mon factor of r and 2.
2
Suppose -2*q - 40 = -4*q - u, -q = -2*u - 10. Let g(s) = s**2 - 3*s - 2. Let n be g(4). Calculate the highest common factor of n and q.
2
Let p(g) = -2*g - 4. Let v be p(-6). Suppose -28 = -3*h + v. Calculate the highest common factor of h and 84.
12
Let q(l) = 3*l**2 - l**2 + 3*l**2 - 1 - 3*l - 2*l**2. Let r be q(2). What is the greatest common divisor of 35 and r?
5
Suppose -58 = -6*g - 4. What is the highest common factor of 3 and g?
3
Suppose 10 = -5*o + 20. What is the greatest common divisor of o and 28?
2
Let h = -4 + 24. Suppose 0 = 2*a + 3*a - h. Suppose 0 = 3*o - 4*r - 33, a*o = -7*r + 2*r + 13. Calculate the greatest common factor of o and 70.
7
Let s = -1 + 4. Suppose -x + 308 = s*x. Let i be 2 - 1 - (0 - 10). What is the highest common divisor of i and x?
11
Let f be (-62)/4*-2*1. Suppose -h + 5 = -f. Suppose 6*c - 2*c - 68 = 2*t, -5*t = 3*c - 64. Calculate the highest common factor of h and c.
18
Let z(u) = -6*u - 8. Let h be z(-7). What is the highest common divisor of 51 and h?
17
Suppose 3*i - 16 = 7*i. Let p be (i - -3) + 11/1. Let j be ((-10)/(-6))/((-2)/(-30)). Calculate the highest common factor of j and p.
5
Let m be 4/(-18) + (-912)/(-216). Suppose -3*k = 8 - 134. Let x = k + -22. Calculate the greatest common factor of m and x.
4
Suppose 0 = c + 3*z - 41, c + 5*z - 32 - 7 = 0. Suppose -3*h = u - 27, 2*h = 6*h + 4*u - c. Let l = h + -6. Calculate the greatest common factor of l and 2.
2
Suppose 7 = 4*q - 9. Suppose -16 = q*w, 0*n - 17 = -5*n + 3*w. What is the highest common divisor of 8 and n?
1
Let w(z) = z**2 + 2*z + 1. Let d be w(-6). What is the highest common divisor of d and 125?
25
Let m be 2 + 0 - (-1 + 2). Let z(g) = 23*g**3 + 2*g**2 - 1. Let k be z(m). Calculate the highest common divisor of 16 and k.
8
Suppose -6*z + 4*z = -4. Suppose z + 0 = w. Let g be (-19)/(-2) - (-3)/6. What is the highest common factor of g and w?
2
Let d be (-1 - 1 - 14)*-1. Suppose 126 - d = v. Calculate the highest common divisor of 22 and v.
22
Let s(t) = -7*t - 5. Let b be s(-4). Calculate the highest common factor of b and 184.
23
Suppose 0 = -3*a + 20 - 5. Suppose -7 = -2*g - d + a, g = 2*d + 16. Calculate the greatest common factor of 56 and g.
8
Let k be (1 + -3 + 1)*-2. Suppose k*n - 120 = 5*c, 5*c - 202 = -2*n - 42. What is the greatest common divisor of 28 and n?
14
Suppose 0 = q + 4*q - 95. Let x be 17/(-3) + 1/(-3). Let c(k) = -23*k - 5. Let u be c(x). Calculate the highest common divisor of q and u.
19
Let j be (-4 - 3/3)*-7. Suppose j = l + 5. What is the greatest common divisor of 12 and l?
6
Let h(m) = m - 2. Let a = -7 + 11. Let c be h(a). Let i be (-4)/(-3)*33/c. Calculate the highest common factor of i and 33.
11
Let a = -4 + 16. What is the greatest common divisor of 84 and a?
12
Suppose 0 = -6*c + 11 + 37. Calculate the highest common factor of 56 and c.
8
Let r(l) = -2*l**2 + 10*l + 4. Let f be r(5). What is the greatest common factor of f and 1?
1
Let x(m) = m**3 + 6*m**2 + 20. Let k be x(-6). Calculate the highest common factor of k and 25.
5
Let r = 29 + -22. Calculate the greatest common divisor of r and 63.
7
Suppose -4*y = -8, -3*j = -2*y + 18 + 22. Let h be (-4)/j*(2 - -7). Calculate the highest common factor of h and 24.
3
Let d be -3 + 3/(-6) + 44/8. Calculate the greatest common divisor of d and 10.
2
Let b = 23 + -13. Calculate the highest common divisor of 50 and b.
10
Suppose 3 = -3*v + 18. Suppose -u = -2*p + p - 6, v*u - 30 = -3*p. Let x = -34 - -58. What is the greatest common factor of u and x?
6
Let j = -4 - -42. Suppose -2*u + 0*u = v - j, -u = -4*v - 1. Suppose 0*w - 2 = w, 3*i - u = w. What is the highest common divisor of i and 5?
5
Suppose 0 = 3*w - 5*w + 6. Suppose -5*y = -w*y - 16. What is the highest common factor of 40 and y?
8
Let n = -180 - -263. Let d = -24 + n. Suppose m - w = 4*m - 62, 4*w - d = -3*m. What is the highest common divisor of m and 14?
7
Let j be (-10 - -7) + 1 + 10. Suppose 0 = j*v - 5*v - 12. Suppose v*w = 24 + 16. Calculate the highest common divisor of w and 70.
10
Let o = -17 + 11. Let x(h) = -h - 5. Let q be x(o). Calculate the highest common factor of q and 9.
1
Let r = 18 - 2. Suppose 3*v = l - 0 + 2, -l - 2 = 5*v. Let g be 0 - (-24)/l*-4. What is the highest common factor of g and r?
16
Suppose j = -j - 162. Let z = -45 - j. What is the greatest common divisor of z and 90?
18
Let x = 77 + -10. Let o = x + -3. What is the greatest common factor of 8 and o?
8
Let u = 19 + 76. Let b = u + -31. What is the highest common factor of b and 8?
8
Let u = 32 - 20. What is the greatest common factor of u and 18?
6
Suppose 2*l + 2*l + 112 = 0. Let z be 618/7 - (-8)/l. Suppose -2*w + 4*d - 7 = -45, 4*w - 2*d - 52 = 0. Calculate the greatest common divisor of z and w.
11
Suppose -5*r + 258 = -677. What is the highest common divisor of r and 17?
17
Let o = 36 - 11. Calculate the greatest common factor of 5 and o.
5
Let w = 10 - 4. Let m = w + -1. Let z = 46 + -26. Calculate the highest common divisor of m and z.
5
Let k be 3 - (1 + -1 + -2). What is the greatest common factor of k and 5?
5
Let v = 237 + -173. Calculate the highest common factor of 320 and v.
64
Suppose -44*c = -46*c + 160. Calculate the highest common divisor of 60 and c.
20
Let g be (-4)/6 - (-264)/72. Let o = 15 - -3. Suppose 0 = -0*j - 2*j + o. What is the greatest common factor of g and j?
3
Let f(s) = -22*s - 16. Let r be f(-13). Calculate the greatest common divisor of r and 30.
30
Suppose -5*w + 12 = -8. Suppose 0 = -w*r - g + 57, -4*r + 5*g + 37 = -r. What is the highest common divisor of 28 and r?
14
Let a(i) = -i**3 - 4*i**2 - 6*i - 1. Let m be a(-5). Suppose 3*u - 36 = 18. Calculate the greatest common factor of u and m.
18
Let d(k) = k - 4. Let u be d(12). Suppose 2*v = -0*v - 2*x + 20, 5*x + 22 = 4*v. Calculate the highest common divisor of u and v.
8
Let h be (1 - 1) + 0/(-2). Suppose h = -5*z + z. Suppose x - 3*x + 14 = z. Calculate the highest common factor of 21 and x.
7
Suppose 4*l = 3*l + 2. Suppose u - 26 = -y, -l = -y - 6. Let n(v) = -v**3 - v**2 - 3. Let c be n(-4). What is the highest common factor of u and c?
15
Let s(d) = 119*d**3 + 2*d**2 - 3*d + 1. Let r be s(1). What is the greatest common divisor of 17 and r?
17
Suppose -2*f + 68 = -0*f. Let u(i) = -i**2 - 10*i - 7. Let c be u(-6). What is the greatest common factor of c and f?
17
Let h = 19 + -19. Suppose -5*g - 4*z + 130 = h, 145 = 4*g - 2*z - 3*z. What is the greatest common divisor of 12 and g?
6
Suppose 0 = 5*a - 2*a + 192. Let l be (-2)/3 - a/6. Calculate the greatest common divisor of l and 80.
10
Let r(i) = -i**2 - 4*i - 1. Let c be r(-4). Let j(q) = q**3 + 2*q**2 + 3*q + 1. Let g be j(-3). Let a = c - g. Calculate the highest common divisor of a and 4.
4
Let w(u) = 0*u - 7 + 0*u + u. Let i be w(7). Suppose 0 = -5*g + 2*l + 66, i*g - 4*l + 48 = 5*g. What is the highest common divisor of 24 and g?
12
Let l(q) = -4*q + 6. Let t be l(-1). Calculate the greatest common factor of 50 and t.
10
Suppose 5*k = 7*k - 24. Calculate the greatest common divisor of k and 12.
12
Let o(v) = 2*v**2 - 41*v + 43. Let m be o(20). What is the highest common factor of 184 and m?
23
Suppose 4*f - 3 = 17. What is the highest common divisor of 5 and f?
5
Suppose -5*j + 2*b + 175 = 0, 0 = -5*j - b - 2*b + 175. Let p = 10 + j. Let r = 7 + 2. What is the highest common divisor of r and p?
9
Let h = -23 + 21. Let c be ((-8)/h - -10) + -2. Calculate the greatest common divisor of 84 and c.
12
Suppose -3*a = 2*a. Suppose -8 = -2*f - a*f, 0 = 4*h + 4*f - 476. Suppose -4*v = v - h. Calculate the greatest common divisor of 92 and v.
23
Suppose -5*s - w - 12 = -64, -3*w - 9 = 0. What is the highest common divisor of 99 and s?
11
Let t be -15*(4 - 112/20). What is the greatest common factor of 24 and t?
24
Suppose 0 = 5*v - 60 - 260. Suppose v = 5*j - 11. What is the greatest common factor of 3 and j?
3
Let p(k) = 2*k**2 - 7*k + 8. Let c be p(6). What is the highest common divisor of 304 and c?
38
Let q(j) = j**3 - 9*j**2 - 10*j + 14. Let k be q(10). Suppose 4*n = 26 + k. Calculate the highest common factor of n and 110.
10
Let z = -160 + 282. Calculate the greatest common factor of 305 and z.
61
Suppose -5*f - 808 = -4*s, -s -